{"id":9,"date":"2014-04-27T22:21:42","date_gmt":"2014-04-27T22:21:42","guid":{"rendered":"http:\/\/www.lmkk.org\/?page_id=9"},"modified":"2025-04-12T14:41:01","modified_gmt":"2025-04-12T14:41:01","slug":"jasenyys","status":"publish","type":"page","link":"http:\/\/www.lmkk.org\/?page_id=9","title":{"rendered":"J\u00e4senyys"},"content":{"rendered":"<hr \/>\n<h3>\u00a0<\/h3>\n<h3><span style=\"color: #ff9900;\">Kerhon j\u00e4senyys<\/span><\/h3>\n<p>Lapin M\u00e4yr\u00e4koirakerhoon liityt\u00e4\u00e4n Suomen M\u00e4yr\u00e4koiraliiton kautta. Liittym\u00e4ll\u00e4 Suomen M\u00e4yr\u00e4koiraliiton j\u00e4seneksi liityt samalla alueesi j\u00e4senkerhoon.<\/p>\n<p><a href=\"https:\/\/www.jasentieto.fi\/public\/rekisterointi.aspx?sid=3374\" target=\"_blank\" rel=\"noopener noreferrer\"><strong>Liity Suomen M\u00e4yr\u00e4koiraliiton j\u00e4seneksi<\/strong><\/a><\/p>\n<p><span style=\"color: #ff0000;\"><strong>HUOM!<\/strong><\/span> Suomen M\u00e4yr\u00e4koiraliitto ei siirr\u00e4 automaattisesti j\u00e4senyytt\u00e4 j\u00e4senkerhosta toiseen esim. muuton yhteydess\u00e4. Halutessasi siirt\u00e4\u00e4 j\u00e4senyytesi Lapin M\u00e4yr\u00e4koirakerhoon t\u00e4yt\u00e4 j\u00e4sentietojen muutosilmoituslomake Suomen M\u00e4yr\u00e4koiraliiton sivuilla.<\/p>\n<p><a href=\"http:\/\/www.mayrakoiraliitto.fi\/index.php\/ohjeet\/717-tervetuloa-kayttamaan-suomen-mayrakoiraliiton-jasenpalvelua\" target=\"_blank\" rel=\"noopener noreferrer\"><strong>J\u00e4sentietojen muutosilmoituslomake<\/strong><\/a><\/p>\n<p>Lapin M\u00e4yr\u00e4koirakerhoon voi liitty\u00e4 my\u00f6s suoraan alla olevan lomakkeen ohjeiden mukaisesti<\/p>\n<p><a href=\"http:\/\/www.lmkk.org\/wp-content\/uploads\/2021\/03\/LMKK-RY-Jasenhakemus-2021-1.pdf\">LMKK RY J\u00e4senhakemus 2025<\/a><\/p>\n<p>&nbsp;<\/p>\n\n\n<p><\/p>\n","protected":false},"excerpt":{"rendered":"<p>\u00a0 Kerhon j\u00e4senyys Lapin M\u00e4yr\u00e4koirakerhoon liityt\u00e4\u00e4n Suomen M\u00e4yr\u00e4koiraliiton kautta. Liittym\u00e4ll\u00e4 Suomen M\u00e4yr\u00e4koiraliiton j\u00e4seneksi liityt samalla alueesi j\u00e4senkerhoon. Liity Suomen M\u00e4yr\u00e4koiraliiton j\u00e4seneksi HUOM! Suomen M\u00e4yr\u00e4koiraliitto ei siirr\u00e4 automaattisesti j\u00e4senyytt\u00e4 j\u00e4senkerhosta toiseen esim. muuton yhteydess\u00e4. Halutessasi siirt\u00e4\u00e4 j\u00e4senyytesi Lapin M\u00e4yr\u00e4koirakerhoon t\u00e4yt\u00e4 j\u00e4sentietojen muutosilmoituslomake Suomen M\u00e4yr\u00e4koiraliiton sivuilla. J\u00e4sentietojen muutosilmoituslomake Lapin M\u00e4yr\u00e4koirakerhoon voi liitty\u00e4 my\u00f6s suoraan alla olevan lomakkeen &hellip; <\/p>\n<p class=\"link-more\"><a href=\"http:\/\/www.lmkk.org\/?page_id=9\" class=\"more-link\">Jatka lukemista<span class=\"screen-reader-text\"> &#8221;J\u00e4senyys&#8221;<\/span><\/a><\/p>\n","protected":false},"author":1,"featured_media":0,"parent":0,"menu_order":0,"comment_status":"closed","ping_status":"closed","template":"","meta":{"footnotes":""},"class_list":["post-9","page","type-page","status-publish","hentry"],"_links":{"self":[{"href":"http:\/\/www.lmkk.org\/index.php?rest_route=\/wp\/v2\/pages\/9","targetHints":{"allow":["GET"]}}],"collection":[{"href":"http:\/\/www.lmkk.org\/index.php?rest_route=\/wp\/v2\/pages"}],"about":[{"href":"http:\/\/www.lmkk.org\/index.php?rest_route=\/wp\/v2\/types\/page"}],"author":[{"embeddable":true,"href":"http:\/\/www.lmkk.org\/index.php?rest_route=\/wp\/v2\/users\/1"}],"replies":[{"embeddable":true,"href":"http:\/\/www.lmkk.org\/index.php?rest_route=%2Fwp%2Fv2%2Fcomments&post=9"}],"version-history":[{"count":22,"href":"http:\/\/www.lmkk.org\/index.php?rest_route=\/wp\/v2\/pages\/9\/revisions"}],"predecessor-version":[{"id":2363,"href":"http:\/\/www.lmkk.org\/index.php?rest_route=\/wp\/v2\/pages\/9\/revisions\/2363"}],"wp:attachment":[{"href":"http:\/\/www.lmkk.org\/index.php?rest_route=%2Fwp%2Fv2%2Fmedia&parent=9"}],"curies":[{"name":"wp","href":"https:\/\/api.w.org\/{rel}","templated":true}]}}